 is the highest common divisor of 3015 and 60?
15
What is the greatest common factor of 84 and 2982?
42
Calculate the greatest common factor of 3816 and 2332.
212
What is the highest common divisor of 31 and 806?
31
What is the highest common divisor of 10 and 46?
2
Calculate the greatest common divisor of 96 and 240.
48
What is the greatest common factor of 37 and 105857?
37
Calculate the greatest common factor of 52 and 39.
13
Calculate the highest common divisor of 470 and 20.
10
What is the highest common factor of 180 and 3460?
20
Calculate the greatest common factor of 216 and 540.
108
What is the highest common factor of 380 and 80?
20
What is the greatest common factor of 102 and 6?
6
What is the highest common factor of 828 and 1863?
207
What is the greatest common factor of 20 and 12?
4
What is the highest common divisor of 3434 and 102?
34
Calculate the highest common factor of 660 and 22.
22
Calculate the greatest common divisor of 6 and 2586.
6
What is the greatest common factor of 1864 and 6291?
233
What is the greatest common divisor of 116 and 87?
29
Calculate the greatest common factor of 147 and 798.
21
Calculate the highest common factor of 747 and 9.
9
Calculate the highest common divisor of 18 and 387.
9
What is the greatest common factor of 680 and 320?
40
Calculate the highest common factor of 1517 and 74.
37
What is the highest common divisor of 36 and 25524?
36
What is the highest common divisor of 15 and 2955?
15
Calculate the highest common divisor of 15 and 2020.
5
Calculate the highest common factor of 4 and 1076.
4
Calculate the greatest common factor of 9321 and 104.
13
Calculate the highest common divisor of 302 and 4077.
151
Calculate the highest common factor of 1 and 3800.
1
What is the greatest common factor of 225 and 27300?
75
What is the highest common factor of 3396 and 156?
12
Calculate the highest common divisor of 3843 and 84.
21
What is the greatest common factor of 342 and 102?
6
Calculate the highest common divisor of 45 and 18.
9
Calculate the greatest common divisor of 893 and 1598.
47
Calculate the greatest common factor of 3537 and 1441.
131
What is the greatest common divisor of 40 and 25?
5
Calculate the highest common factor of 9617 and 118.
59
Calculate the highest common divisor of 20 and 30.
10
What is the greatest common factor of 1280 and 20?
20
What is the greatest common divisor of 434 and 1922?
62
What is the highest common factor of 3565 and 230?
115
What is the highest common divisor of 9 and 747?
9
Calculate the highest common divisor of 39 and 273.
39
Calculate the highest common divisor of 666 and 148.
74
What is the greatest common factor of 56 and 1694?
14
Calculate the highest common divisor of 38 and 25479.
19
What is the highest common factor of 5 and 40?
5
Calculate the greatest common divisor of 100 and 16.
4
Calculate the greatest common factor of 1862 and 19.
19
What is the highest common divisor of 38798 and 38?
38
What is the highest common factor of 153 and 6936?
51
What is the greatest common factor of 144 and 784?
16
Calculate the greatest common divisor of 252 and 112.
28
Calculate the greatest common factor of 117 and 26.
13
What is the greatest common divisor of 85 and 20?
5
What is the greatest common divisor of 2 and 230?
2
What is the greatest common divisor of 6913 and 403?
31
Calculate the highest common factor of 357 and 63.
21
Calculate the highest common divisor of 3233 and 106.
53
What is the greatest common factor of 489 and 6?
3
What is the greatest common divisor of 40 and 88?
8
What is the highest common divisor of 161 and 253?
23
What is the highest common factor of 273 and 3146?
13
Calculate the greatest common divisor of 137 and 1.
1
What is the highest common divisor of 494 and 962?
26
Calculate the greatest common factor of 164 and 205.
41
Calculate the greatest common factor of 11258 and 78.
26
Calculate the highest common factor of 77 and 220.
11
Calculate the highest common factor of 2 and 2818.
2
Calculate the highest common divisor of 29 and 1189.
29
Calculate the highest common divisor of 483 and 42.
21
What is the greatest common divisor of 65 and 4615?
65
What is the highest common divisor of 14 and 154?
14
What is the highest common divisor of 744 and 1581?
93
What is the highest common divisor of 435 and 75?
15
What is the greatest common factor of 54 and 2?
2
Calculate the highest common factor of 2771 and 170.
17
Calculate the highest common divisor of 7293 and 748.
187
Calculate the greatest common factor of 891 and 405.
81
What is the greatest common factor of 3045 and 105?
105
Calculate the greatest common divisor of 101 and 15049.
101
What is the greatest common divisor of 66 and 1210?
22
Calculate the highest common factor of 8679 and 33.
33
What is the greatest common divisor of 400 and 104?
8
What is the greatest common factor of 897 and 69?
69
Calculate the greatest common factor of 8 and 2792.
8
Calculate the greatest common divisor of 814 and 44.
22
What is the highest common divisor of 15 and 195?
15
What is the greatest common factor of 2743 and 520?
13
What is the highest common factor of 50 and 40875?
25
What is the greatest common divisor of 1073 and 148?
37
Calculate the greatest common factor of 23 and 92.
23
Calculate the highest common divisor of 25 and 5575.
25
Calculate the greatest common divisor of 30 and 110.
10
Calculate the highest common factor of 37 and 2627.
37
What is the greatest common divisor of 30 and 60?
30
Calculate the greatest common divisor of 135 and 5985.
45
Calculate the highest common divisor of 182 and 117.
13
What is the highest common divisor of 10948 and 140?
28
Calculate the greatest common factor of 1913 and 3.
1
Calculate the greatest common factor of 32 and 288.
32
What is the highest common factor of 405 and 6399?
81
Calculate the greatest common factor of 87 and 58.
29
What is the greatest common divisor of 223 and 14049?
223
What is the greatest common divisor of 799 and 17?
17
What is the greatest common factor of 384 and 6?
6
Calculate the greatest common factor of 288 and 747.
9
Calculate the highest common divisor of 21384 and 729.
243
What is the highest common factor of 72 and 8?
8
Calculate the highest common factor of 26 and 20852.
26
What is the greatest common factor of 85 and 2516?
17
Calculate the highest common factor of 2864 and 128.
16
Calculate the greatest common factor of 10 and 95.
5
Calculate the highest common divisor of 198 and 1602.
18
What is the highest common factor of 100 and 70?
10
Calculate the greatest common divisor of 3652 and 44.
44
Calculate the greatest common factor of 32 and 1952.
32
Calculate the greatest common factor of 37 and 1184.
37
What is the highest common factor of 2124 and 36?
36
Calculate the greatest common factor of 20 and 900.
20
What is the greatest common factor of 864 and 64?
32
Calculate the greatest common factor of 8487 and 138.
69
What is the greatest common divisor of 209 and 95?
19
Calculate the greatest common divisor of 657 and 292.
73
What is the highest common factor of 26 and 6?
2
Calculate the highest common factor of 112 and 7.
7
What is the highest common factor of 3372 and 132?
12
Calculate the greatest common factor of 835 and 10.
5
What is the highest common divisor of 472 and 354?
118
Calculate the greatest common factor of 2289 and 21.
21
What is the greatest common divisor of 472 and 32?
8
What is the greatest common divisor of 21 and 511?
7
What is the greatest common divisor of 162 and 11?
1
What is the highest common divisor of 2871 and 231?
33
What is the highest common divisor of 2 and 9?
1
What is the highest common factor of 47 and 1175?
47
Calculate the highest common factor of 600 and 2300.
100
Calculate the highest common factor of 26 and 91.
13
What is the greatest common factor of 136 and 34?
34
What is the greatest common divisor of 182 and 16198?
182
What is the greatest common factor of 16116 and 408?
204
Calculate the highest common factor of 120 and 60.
60
Calculate the greatest common divisor of 122 and 2257.
61
Calculate the greatest common divisor of 9 and 69.
3
Calculate the greatest common divisor of 620 and 992.
124
What is the greatest common factor of 900 and 1725?
75
What is 